{"id":1232,"date":"2021-01-28T16:06:36","date_gmt":"2021-01-28T21:06:36","guid":{"rendered":"https:\/\/immigrantintegration.org\/?page_id=1232"},"modified":"2023-05-20T14:03:37","modified_gmt":"2023-05-20T18:03:37","slug":"previous-events","status":"publish","type":"page","link":"https:\/\/immigrantintegration.org\/archived\/2023\/previous-events\/","title":{"rendered":"Previous Events"},"content":{"rendered":"\t\t<div data-elementor-type=\"wp-page\" data-elementor-id=\"1232\" class=\"elementor elementor-1232\" data-elementor-post-type=\"page\">\n\t\t\t\t\t\t<section class=\"elementor-section elementor-top-section elementor-element elementor-element-fb145bc elementor-section-content-middle elementor-section-boxed elementor-section-height-default elementor-section-height-default\" data-id=\"fb145bc\" data-element_type=\"section\" data-settings=\"{&quot;background_background&quot;:&quot;classic&quot;}\">\n\t\t\t\t\t\t<div class=\"elementor-container elementor-column-gap-no\">\n\t\t\t\t\t<div class=\"elementor-column elementor-col-33 elementor-top-column elementor-element elementor-element-870ec42\" data-id=\"870ec42\" data-element_type=\"column\">\n\t\t\t<div class=\"elementor-widget-wrap elementor-element-populated\">\n\t\t\t\t\t\t<div class=\"elementor-element elementor-element-2b2b4ea elementor-widget-divider--view-line elementor-widget elementor-widget-divider\" data-id=\"2b2b4ea\" data-element_type=\"widget\" data-widget_type=\"divider.default\">\n\t\t\t\t<div class=\"elementor-widget-container\">\n\t\t\t\t\t<div class=\"elementor-divider\">\n\t\t\t<span class=\"elementor-divider-separator\">\n\t\t\t\t\t\t<\/span>\n\t\t<\/div>\n\t\t\t\t<\/div>\n\t\t\t\t<\/div>\n\t\t\t\t\t<\/div>\n\t\t<\/div>\n\t\t\t\t<div class=\"elementor-column elementor-col-33 elementor-top-column elementor-element elementor-element-366c4f3\" data-id=\"366c4f3\" data-element_type=\"column\">\n\t\t\t<div class=\"elementor-widget-wrap elementor-element-populated\">\n\t\t\t\t\t\t<div class=\"elementor-element elementor-element-8f3c772 elementor-widget elementor-widget-heading\" data-id=\"8f3c772\" data-element_type=\"widget\" data-widget_type=\"heading.default\">\n\t\t\t\t<div class=\"elementor-widget-container\">\n\t\t\t<h3 class=\"elementor-heading-title elementor-size-default\">Eventos Pasados<\/h3>\t\t<\/div>\n\t\t\t\t<\/div>\n\t\t\t\t\t<\/div>\n\t\t<\/div>\n\t\t\t\t<div class=\"elementor-column elementor-col-33 elementor-top-column elementor-element elementor-element-2df2a72\" data-id=\"2df2a72\" data-element_type=\"column\">\n\t\t\t<div class=\"elementor-widget-wrap elementor-element-populated\">\n\t\t\t\t\t\t<div class=\"elementor-element elementor-element-8013764 elementor-widget-divider--view-line elementor-widget elementor-widget-divider\" data-id=\"8013764\" data-element_type=\"widget\" data-widget_type=\"divider.default\">\n\t\t\t\t<div class=\"elementor-widget-container\">\n\t\t\t\t\t<div class=\"elementor-divider\">\n\t\t\t<span class=\"elementor-divider-separator\">\n\t\t\t\t\t\t<\/span>\n\t\t<\/div>\n\t\t\t\t<\/div>\n\t\t\t\t<\/div>\n\t\t\t\t\t<\/div>\n\t\t<\/div>\n\t\t\t\t\t<\/div>\n\t\t<\/section>\n\t\t\t\t<section class=\"elementor-section elementor-top-section elementor-element elementor-element-aaabf51 elementor-section-boxed elementor-section-height-default elementor-section-height-default\" data-id=\"aaabf51\" data-element_type=\"section\">\n\t\t\t\t\t\t<div class=\"elementor-container elementor-column-gap-default\">\n\t\t\t\t\t<div class=\"elementor-column elementor-col-50 elementor-top-column elementor-element elementor-element-f0baba1 elementor-sm-50\" data-id=\"f0baba1\" data-element_type=\"column\">\n\t\t\t<div class=\"elementor-widget-wrap elementor-element-populated\">\n\t\t\t\t\t\t<div class=\"elementor-element elementor-element-f189f9d elementor-widget elementor-widget-image\" data-id=\"f189f9d\" data-element_type=\"widget\" data-widget_type=\"image.default\">\n\t\t\t\t<div class=\"elementor-widget-container\">\n\t\t\t\t\t\t\t\t\t\t\t\t\t\t<a href=\"https:\/\/immigrantintegration.org\/archived\/2022\/\" target=\"_blank\">\n\t\t\t\t\t\t\t<img fetchpriority=\"high\" decoding=\"async\" width=\"645\" height=\"258\" src=\"https:\/\/immigrantintegration.org\/archived\/2023\/wp-content\/uploads\/2023\/05\/Immigrant-Integration-Conference.png\" class=\"attachment-large size-large wp-image-9487\" alt=\"\" srcset=\"https:\/\/immigrantintegration.org\/archived\/2023\/wp-content\/uploads\/2023\/05\/Immigrant-Integration-Conference.png 1004w, https:\/\/immigrantintegration.org\/archived\/2023\/wp-content\/uploads\/2023\/05\/Immigrant-Integration-Conference-300x120.png 300w, https:\/\/immigrantintegration.org\/archived\/2023\/wp-content\/uploads\/2023\/05\/Immigrant-Integration-Conference-768x308.png 768w\" sizes=\"(max-width: 645px) 100vw, 645px\" \/>\t\t\t\t\t\t\t\t<\/a>\n\t\t\t\t\t\t\t\t\t\t\t\t\t<\/div>\n\t\t\t\t<\/div>\n\t\t\t\t<div class=\"elementor-element elementor-element-f4e9f9e elementor-widget elementor-widget-heading\" data-id=\"f4e9f9e\" data-element_type=\"widget\" data-widget_type=\"heading.default\">\n\t\t\t\t<div class=\"elementor-widget-container\">\n\t\t\t<h2 class=\"elementor-heading-title elementor-size-default\">2022 Immigrant Integration Conference<\/h2>\t\t<\/div>\n\t\t\t\t<\/div>\n\t\t\t\t<div class=\"elementor-element elementor-element-443bf48 elementor-hidden-mobile elementor-widget elementor-widget-text-editor\" data-id=\"443bf48\" data-element_type=\"widget\" data-widget_type=\"text-editor.default\">\n\t\t\t\t<div class=\"elementor-widget-container\">\n\t\t\t\t\t\t\t<p>\u00a1Este a\u00f1o, la Conferencia anual de integraci\u00f3n de inmigrantes se llevar\u00e1 a cabo presencialmente! Organizaremos paneles sobre todos los aspectos del proceso de ajuste, integraci\u00f3n y desarrollo en esta sociedad multicultural. \u00a1Guarde las fechas en su calendario, 15 de Octubre, 2022!<\/p>\t\t\t\t\t\t<\/div>\n\t\t\t\t<\/div>\n\t\t\t\t\t<\/div>\n\t\t<\/div>\n\t\t\t\t<div class=\"elementor-column elementor-col-50 elementor-top-column elementor-element elementor-element-9aec6da elementor-sm-50\" data-id=\"9aec6da\" data-element_type=\"column\">\n\t\t\t<div class=\"elementor-widget-wrap elementor-element-populated\">\n\t\t\t\t\t\t<div class=\"elementor-element elementor-element-9cdf081 elementor-widget elementor-widget-image\" data-id=\"9cdf081\" data-element_type=\"widget\" data-widget_type=\"image.default\">\n\t\t\t\t<div class=\"elementor-widget-container\">\n\t\t\t\t\t\t\t\t\t\t\t\t\t<img decoding=\"async\" width=\"645\" height=\"257\" src=\"https:\/\/immigrantintegration.org\/archived\/2023\/wp-content\/uploads\/2023\/05\/2021-Citizenship-Drive-v2.png\" class=\"attachment-large size-large wp-image-9499\" alt=\"\" srcset=\"https:\/\/immigrantintegration.org\/archived\/2023\/wp-content\/uploads\/2023\/05\/2021-Citizenship-Drive-v2.png 1024w, https:\/\/immigrantintegration.org\/archived\/2023\/wp-content\/uploads\/2023\/05\/2021-Citizenship-Drive-v2-300x120.png 300w, https:\/\/immigrantintegration.org\/archived\/2023\/wp-content\/uploads\/2023\/05\/2021-Citizenship-Drive-v2-768x306.png 768w\" sizes=\"(max-width: 645px) 100vw, 645px\" \/>\t\t\t\t\t\t\t\t\t\t\t\t\t<\/div>\n\t\t\t\t<\/div>\n\t\t\t\t<div class=\"elementor-element elementor-element-c776378 elementor-widget elementor-widget-heading\" data-id=\"c776378\" data-element_type=\"widget\" data-widget_type=\"heading.default\">\n\t\t\t\t<div class=\"elementor-widget-container\">\n\t\t\t<h2 class=\"elementor-heading-title elementor-size-default\">2021 Citizenship Drive<br><\/h2>\t\t<\/div>\n\t\t\t\t<\/div>\n\t\t\t\t<div class=\"elementor-element elementor-element-27d5d4f elementor-hidden-mobile elementor-widget elementor-widget-text-editor\" data-id=\"27d5d4f\" data-element_type=\"widget\" data-widget_type=\"text-editor.default\">\n\t\t\t\t<div class=\"elementor-widget-container\">\n\t\t\t\t\t\t\t<p>El objetivo es brindar informaci\u00f3n sobre el proceso de naturalizaci\u00f3n y ofrecer consulta legal gratuita para determinar los criterios de elegibilidad para solicitar la ciudadan\u00eda estadounidense y as\u00ed poder hacer uso de sus derechos e integraci\u00f3n en los Estados Unidos.<\/p>\t\t\t\t\t\t<\/div>\n\t\t\t\t<\/div>\n\t\t\t\t\t<\/div>\n\t\t<\/div>\n\t\t\t\t\t<\/div>\n\t\t<\/section>\n\t\t\t\t<section class=\"elementor-section elementor-top-section elementor-element elementor-element-5ea983d elementor-section-boxed elementor-section-height-default elementor-section-height-default\" data-id=\"5ea983d\" data-element_type=\"section\" data-settings=\"{&quot;background_background&quot;:&quot;classic&quot;}\">\n\t\t\t\t\t\t<div class=\"elementor-container elementor-column-gap-no\">\n\t\t\t\t\t<div class=\"elementor-column elementor-col-50 elementor-top-column elementor-element elementor-element-319e38a elementor-sm-50\" data-id=\"319e38a\" data-element_type=\"column\">\n\t\t\t<div class=\"elementor-widget-wrap elementor-element-populated\">\n\t\t\t\t\t\t<div class=\"elementor-element elementor-element-0d19d2c elementor-widget elementor-widget-image\" data-id=\"0d19d2c\" data-element_type=\"widget\" data-widget_type=\"image.default\">\n\t\t\t\t<div class=\"elementor-widget-container\">\n\t\t\t\t\t\t\t\t\t\t\t\t\t\t<a href=\"https:\/\/immigrantintegration.org\/archived\/2021\/\">\n\t\t\t\t\t\t\t<img decoding=\"async\" width=\"645\" height=\"257\" src=\"https:\/\/immigrantintegration.org\/archived\/2023\/wp-content\/uploads\/2023\/05\/ZIID2021-1024x408.jpg\" class=\"attachment-large size-large wp-image-9502\" alt=\"\" srcset=\"https:\/\/immigrantintegration.org\/archived\/2023\/wp-content\/uploads\/2023\/05\/ZIID2021-1024x408.jpg 1024w, https:\/\/immigrantintegration.org\/archived\/2023\/wp-content\/uploads\/2023\/05\/ZIID2021-300x120.jpg 300w, https:\/\/immigrantintegration.org\/archived\/2023\/wp-content\/uploads\/2023\/05\/ZIID2021-768x306.jpg 768w, https:\/\/immigrantintegration.org\/archived\/2023\/wp-content\/uploads\/2023\/05\/ZIID2021-1536x612.jpg 1536w, https:\/\/immigrantintegration.org\/archived\/2023\/wp-content\/uploads\/2023\/05\/ZIID2021.jpg 1905w\" sizes=\"(max-width: 645px) 100vw, 645px\" \/>\t\t\t\t\t\t\t\t<\/a>\n\t\t\t\t\t\t\t\t\t\t\t\t\t<\/div>\n\t\t\t\t<\/div>\n\t\t\t\t<div class=\"elementor-element elementor-element-916dd35 elementor-widget elementor-widget-heading\" data-id=\"916dd35\" data-element_type=\"widget\" data-widget_type=\"heading.default\">\n\t\t\t\t<div class=\"elementor-widget-container\">\n\t\t\t<h2 class=\"elementor-heading-title elementor-size-default\">2021 Immigrant Integration Conference<\/h2>\t\t<\/div>\n\t\t\t\t<\/div>\n\t\t\t\t<div class=\"elementor-element elementor-element-3269695 elementor-hidden-mobile elementor-widget elementor-widget-text-editor\" data-id=\"3269695\" data-element_type=\"widget\" data-widget_type=\"text-editor.default\">\n\t\t\t\t<div class=\"elementor-widget-container\">\n\t\t\t\t\t\t\t<p>\u00a1Este a\u00f1o, la Conferencia anual de integraci\u00f3n de inmigrantes se llevar\u00e1 a cabo virtualmente durante tres d\u00edas! Organizaremos paneles sobre todos los aspectos del proceso de ajuste, integraci\u00f3n y desarrollo en esta sociedad multicultural. \u00a1Guarde las fechas en su calendario, 24 de junio, 25 de junio y 26 de 2021!<\/p>\t\t\t\t\t\t<\/div>\n\t\t\t\t<\/div>\n\t\t\t\t\t<\/div>\n\t\t<\/div>\n\t\t\t\t<div class=\"elementor-column elementor-col-50 elementor-top-column elementor-element elementor-element-163c144 elementor-sm-50\" data-id=\"163c144\" data-element_type=\"column\">\n\t\t\t<div class=\"elementor-widget-wrap elementor-element-populated\">\n\t\t\t\t\t\t<div class=\"elementor-element elementor-element-445ef2c elementor-widget elementor-widget-image\" data-id=\"445ef2c\" data-element_type=\"widget\" data-widget_type=\"image.default\">\n\t\t\t\t<div class=\"elementor-widget-container\">\n\t\t\t\t\t\t\t\t\t\t\t\t\t\t<a href=\"https:\/\/immigrantintegration.org\/archived\/2019\/\">\n\t\t\t\t\t\t\t<img loading=\"lazy\" decoding=\"async\" width=\"645\" height=\"245\" src=\"https:\/\/immigrantintegration.org\/archived\/2023\/wp-content\/uploads\/2023\/05\/IID2019-MAIN-Header-1024x389.jpg\" class=\"attachment-large size-large wp-image-9501\" alt=\"\" srcset=\"https:\/\/immigrantintegration.org\/archived\/2023\/wp-content\/uploads\/2023\/05\/IID2019-MAIN-Header-1024x389.jpg 1024w, https:\/\/immigrantintegration.org\/archived\/2023\/wp-content\/uploads\/2023\/05\/IID2019-MAIN-Header-300x114.jpg 300w, https:\/\/immigrantintegration.org\/archived\/2023\/wp-content\/uploads\/2023\/05\/IID2019-MAIN-Header-768x292.jpg 768w, https:\/\/immigrantintegration.org\/archived\/2023\/wp-content\/uploads\/2023\/05\/IID2019-MAIN-Header-1536x584.jpg 1536w, https:\/\/immigrantintegration.org\/archived\/2023\/wp-content\/uploads\/2023\/05\/IID2019-MAIN-Header.jpg 1901w\" sizes=\"(max-width: 645px) 100vw, 645px\" \/>\t\t\t\t\t\t\t\t<\/a>\n\t\t\t\t\t\t\t\t\t\t\t\t\t<\/div>\n\t\t\t\t<\/div>\n\t\t\t\t<div class=\"elementor-element elementor-element-06f766a elementor-widget elementor-widget-heading\" data-id=\"06f766a\" data-element_type=\"widget\" data-widget_type=\"heading.default\">\n\t\t\t\t<div class=\"elementor-widget-container\">\n\t\t\t<h2 class=\"elementor-heading-title elementor-size-default\">2019 Immigrant Integration<br>Day<\/h2>\t\t<\/div>\n\t\t\t\t<\/div>\n\t\t\t\t<div class=\"elementor-element elementor-element-473a620 elementor-hidden-mobile elementor-widget elementor-widget-text-editor\" data-id=\"473a620\" data-element_type=\"widget\" data-widget_type=\"text-editor.default\">\n\t\t\t\t<div class=\"elementor-widget-container\">\n\t\t\t\t\t\t\t<p>El \u201cD\u00eda de la Integraci\u00f3n del Inmigrante\u201d ser\u00e1 organizado por IACO en colaboraci\u00f3n con la Ciudad de Passaic. Este evento tendr\u00e1 lugar el 26 de octubre de 2019, despu\u00e9s del Mes de la Herencia Hispana, en el Ayuntamiento de la ciudad de Passaic en Passaic, Nueva Jersey.<\/p>\t\t\t\t\t\t<\/div>\n\t\t\t\t<\/div>\n\t\t\t\t\t<\/div>\n\t\t<\/div>\n\t\t\t\t\t<\/div>\n\t\t<\/section>\n\t\t\t\t<\/div>\n\t\t","protected":false},"excerpt":{"rendered":"<p>Eventos Pasados 2022 Immigrant Integration Conference \u00a1Este a\u00f1o, la Conferencia anual de integraci\u00f3n de inmigrantes se llevar\u00e1 a cabo presencialmente! Organizaremos paneles sobre todos los aspectos del proceso de ajuste, integraci\u00f3n y desarrollo en esta sociedad multicultural. \u00a1Guarde las fechas en su calendario, 15 de Octubre, 2022! 2021 Citizenship Drive El objetivo es brindar informaci\u00f3n [&hellip;]<\/p>\n","protected":false},"author":1,"featured_media":0,"parent":0,"menu_order":0,"comment_status":"closed","ping_status":"closed","template":"","meta":{"footnotes":""},"class_list":["post-1232","page","type-page","status-publish","hentry"],"_links":{"self":[{"href":"https:\/\/immigrantintegration.org\/archived\/2023\/wp-json\/wp\/v2\/pages\/1232","targetHints":{"allow":["GET"]}}],"collection":[{"href":"https:\/\/immigrantintegration.org\/archived\/2023\/wp-json\/wp\/v2\/pages"}],"about":[{"href":"https:\/\/immigrantintegration.org\/archived\/2023\/wp-json\/wp\/v2\/types\/page"}],"author":[{"embeddable":true,"href":"https:\/\/immigrantintegration.org\/archived\/2023\/wp-json\/wp\/v2\/users\/1"}],"replies":[{"embeddable":true,"href":"https:\/\/immigrantintegration.org\/archived\/2023\/wp-json\/wp\/v2\/comments?post=1232"}],"version-history":[{"count":5,"href":"https:\/\/immigrantintegration.org\/archived\/2023\/wp-json\/wp\/v2\/pages\/1232\/revisions"}],"predecessor-version":[{"id":9505,"href":"https:\/\/immigrantintegration.org\/archived\/2023\/wp-json\/wp\/v2\/pages\/1232\/revisions\/9505"}],"wp:attachment":[{"href":"https:\/\/immigrantintegration.org\/archived\/2023\/wp-json\/wp\/v2\/media?parent=1232"}],"curies":[{"name":"wp","href":"https:\/\/api.w.org\/{rel}","templated":true}]}}